nder when 3331 is divided by 394?
179
Calculate the remainder when 15698 is divided by 4591.
1925
What is the remainder when 11681 is divided by 3881?
38
What is the remainder when 3721 is divided by 1322?
1077
What is the remainder when 583595 is divided by 263?
261
What is the remainder when 907827 is divided by 73?
72
Calculate the remainder when 93107 is divided by 66.
47
What is the remainder when 512 is divided by 294?
218
Calculate the remainder when 148612 is divided by 23.
9
What is the remainder when 312414 is divided by 242?
234
What is the remainder when 10985 is divided by 304?
41
What is the remainder when 132857 is divided by 201?
197
Calculate the remainder when 274929 is divided by 136.
73
Calculate the remainder when 646077 is divided by 17.
9
What is the remainder when 2024 is divided by 504?
8
Calculate the remainder when 327493 is divided by 278.
9
What is the remainder when 3551 is divided by 439?
39
What is the remainder when 1643891 is divided by 14?
11
Calculate the remainder when 181100 is divided by 979.
964
What is the remainder when 156372 is divided by 219?
6
Calculate the remainder when 501717 is divided by 100.
17
What is the remainder when 22301 is divided by 11149?
3
Calculate the remainder when 1288583 is divided by 66.
65
Calculate the remainder when 4283602 is divided by 27.
25
What is the remainder when 3151 is divided by 49?
15
Calculate the remainder when 454 is divided by 419.
35
What is the remainder when 90687 is divided by 97?
89
What is the remainder when 26576 is divided by 328?
8
Calculate the remainder when 2581 is divided by 557.
353
What is the remainder when 19459 is divided by 21?
13
Calculate the remainder when 1901 is divided by 107.
82
What is the remainder when 43783 is divided by 286?
25
What is the remainder when 108027 is divided by 307?
270
Calculate the remainder when 17866 is divided by 53.
5
Calculate the remainder when 36010 is divided by 101.
54
Calculate the remainder when 275146 is divided by 232.
226
Calculate the remainder when 2688 is divided by 2687.
1
Calculate the remainder when 24659 is divided by 72.
35
Calculate the remainder when 24739 is divided by 12359.
21
Calculate the remainder when 21255 is divided by 48.
39
What is the remainder when 665588 is divided by 95083?
7
What is the remainder when 231 is divided by 40?
31
What is the remainder when 919729 is divided by 14?
13
What is the remainder when 11255 is divided by 326?
171
What is the remainder when 103996 is divided by 107?
99
What is the remainder when 11646 is divided by 91?
89
What is the remainder when 4704 is divided by 167?
28
Calculate the remainder when 5365 is divided by 79.
72
Calculate the remainder when 549299 is divided by 87.
68
Calculate the remainder when 15061 is divided by 602.
11
Calculate the remainder when 17756 is divided by 1613.
13
Calculate the remainder when 505864 is divided by 68.
12
Calculate the remainder when 11742 is divided by 1246.
528
What is the remainder when 28154 is divided by 29?
24
Calculate the remainder when 6668 is divided by 9.
8
Calculate the remainder when 581 is divided by 242.
97
Calculate the remainder when 1995 is divided by 702.
591
What is the remainder when 31676 is divided by 1377?
5
Calculate the remainder when 2983 is divided by 425.
8
What is the remainder when 45662 is divided by 992?
30
What is the remainder when 627 is divided by 111?
72
Calculate the remainder when 225354 is divided by 2715.
9
Calculate the remainder when 208502 is divided by 15.
2
What is the remainder when 5820 is divided by 1931?
27
Calculate the remainder when 492390 is divided by 138.
6
Calculate the remainder when 60019 is divided by 5.
4
Calculate the remainder when 202981 is divided by 26.
25
What is the remainder when 10402 is divided by 493?
49
Calculate the remainder when 19798 is divided by 395.
48
What is the remainder when 34977 is divided by 44?
41
What is the remainder when 18751 is divided by 424?
95
Calculate the remainder when 6638 is divided by 554.
544
Calculate the remainder when 1158 is divided by 618.
540
What is the remainder when 2776 is divided by 676?
72
What is the remainder when 24577 is divided by 12288?
1
Calculate the remainder when 10230 is divided by 426.
6
Calculate the remainder when 3854 is divided by 36.
2
Calculate the remainder when 3241 is divided by 84.
49
Calculate the remainder when 9809 is divided by 13.
7
What is the remainder when 341 is divided by 317?
24
Calculate the remainder when 6021106 is divided by 108.
106
Calculate the remainder when 7286 is divided by 244.
210
Calculate the remainder when 812662 is divided by 703.
697
Calculate the remainder when 1636 is divided by 426.
358
Calculate the remainder when 813 is divided by 69.
54
What is the remainder when 7837 is divided by 42?
25
What is the remainder when 2943 is divided by 570?
93
What is the remainder when 117288 is divided by 170?
158
What is the remainder when 2300 is divided by 480?
380
What is the remainder when 12485 is divided by 242?
143
Calculate the remainder when 573 is divided by 17.
12
Calculate the remainder when 5287 is divided by 721.
240
What is the remainder when 89602 is divided by 205?
17
Calculate the remainder when 9652 is divided by 3188.
88
What is the remainder when 885300 is divided by 22?
20
Calculate the remainder when 316570 is divided by 89.
86
What is the remainder when 6245 is divided by 529?
426
Calculate the remainder when 37111 is divided by 149.
10
Calculate the remainder when 24910 is divided by 72.
70
What is the remainder when 16831 is divided by 5605?
16
Calculate the remainder when 73277 is divided by 916.
913
What is the remainder when 4088 is divided by 1055?
923
Calculate the remainder when 2147 is divided by 86.
83
What is the remainder when 156786 is divided by 62?
50
Calculate the remainder when 47562 is divided by 52.
34
Calculate the remainder when 70419 is divided by 45.
39
What is the remainder when 1037755 is divided by 794?
791
Calculate the remainder when 69693 is divided by 64.
61
Calculate the remainder when 7714 is divided by 1126.
958
Calculate the remainder when 8683 is divided by 573.
88
Calculate the remainder when 353085 is divided by 326.
27
Calculate the remainder when 17437 is divided by 8700.
37
What is the remainder when 8231 is divided by 822?
11
What is the remainder when 1682 is divided by 413?
30
What is the remainder when 37073 is divided by 367?
6
Calculate the remainder when 434 is divided by 212.
10
Calculate the remainder when 73051 is divided by 28.
27
Calculate the remainder when 9997 is divided by 1524.
853
Calculate the remainder when 35132 is divided by 97.
18
What is the remainder when 25918 is divided by 3696?
46
What is the remainder when 2514 is divided by 707?
393
Calculate the remainder when 304769 is divided by 1286.
1273
What is the remainder when 3440 is divided by 264?
8
What is the remainder when 249436 is divided by 165?
121
What is the remainder when 4884 is divided by 377?
360
What is the remainder when 454238 is divided by 1561?
1548
What is the remainder when 140178 is divided by 421?
406
What is the remainder when 918578 is divided by 398?
392
What is the remainder when 1851 is divided by 300?
51
Calculate the remainder when 1330211 is divided by 52.
51
What is the remainder when 5467 is divided by 420?
7
Calculate the remainder when 10972 is divided by 405.
37
What is the remainder when 27349 is divided by 1010?
79
What is the remainder when 15751 is divided by 177?
175
What is the remainder when 11833 is divided by 2949?
37
Calculate the remainder when 29386 is divided by 177.
4
What is the remainder when 115237 is divided by 160?
37
Calculate the remainder when 1448 is divided by 418.
194
Calculate the remainder when 7673 is divided by 1534.
3
Calculate the remainder when 3093 is divided by 26.
25
Calculate the remainder when 15186 is divided by 24.
18
Calculate the remainder when 1179518 is divided by 8.
6
Calculate the remainder when 386747 is divided by 182.
179
Calculate the remainder when 54854 is divided by 44.
30
What is the remainder when 1005 is divided by 157?
63
What is the remainder when 14261 is divided by 89?
21
Calculate the remainder when 47297 is divide